1409 + 1116. Suppose 4*l = -l + f. Is l a composite number?
True
Suppose -5*p = -5*d + 85, 0 = -d - d - 4*p + 34. Let v(l) = 569*l + d - 785*l + 2. Is v(-5) a composite number?
True
Let q(z) = 4*z + 3. Let h(d) = 17*d + 12. Let s(a) = -6*h(a) + 26*q(a). Let m be s(-3). Suppose m = 7*k - 2*k - 2235. Is k a prime number?
False
Let p = 3 - 1. Let g be ((-64)/40)/((-6)/15). Suppose -2*z - p*z - 148 = -4*n, 74 = 2*n - g*z. Is n composite?
False
Let k be 3 + (1 + 2 - 3)/1. Suppose -10*c + 28 = -k*c. Suppose -3*s + 1604 = c*i, -4*i = i + 4*s - 2005. Is i a composite number?
False
Suppose 2*a = -3*v + 1195223, -308981 = -v - 5*a + 89431. Is v a prime number?
True
Let q(o) = 35787*o**2 + 151*o + 625. Is q(-4) a composite number?
True
Let w(v) = 3*v**3 - 12*v**2 + 22*v - 29. Let f(u) = -u**3 + 6*u**2 - 11*u + 15. Let h(t) = 5*f(t) + 2*w(t). Is h(7) a composite number?
False
Suppose 17*s - 2135091 - 1534101 = 3666971. Is s a prime number?
False
Let h be 201042 + (-8 - -8) + 3. Suppose 13*u + h = 28*u. Is u prime?
False
Let u(a) = 3988*a**2 + 72*a + 507. Is u(-10) a composite number?
True
Let x be 48/64*(0 + 4). Suppose 4*v + x*q = q + 9954, -q = -5*v + 12446. Is v composite?
True
Is (-280208)/(-8) + (-6 - (-6 + -3)) a prime number?
False
Let s(i) = -i**3 + 8*i**2 + 11*i - 18. Let a be -9*2/4*(1 + -3). Let d be s(a). Suppose -3*g - 2*k + 1912 + 3045 = d, 0 = -k + 5. Is g prime?
False
Suppose 0 = -64*l + 13846521 - 1632313. Is l composite?
True
Let s be 5/((-25)/5)*8586. Let a = s + 27287. Is a composite?
False
Let c(q) = -q**3 + 8*q**2 - 7*q + 6. Let m be c(7). Suppose -m = -11*h + 9*h. Suppose 0 = 4*r - h*r - 59. Is r a prime number?
True
Let b(q) = -q**2 - 13*q + 10. Let l be b(-13). Suppose -4*i + 3*g = 6*g + l, 0 = -2*i + 3*g - 14. Is (1990/20)/(2*(-1)/i) composite?
False
Let o(y) = -46 - 1095*y + 6 + 1100*y. Let q be o(9). Suppose q = -4*h - 15, -2*s = -2*h - 384. Is s a prime number?
False
Let y(m) = -m**3 - m**2 + 5. Let k be y(0). Let r be 17 - (12 + -3 + -2). Suppose 3*g - 4*j - 15 - r = 0, -2*g = k*j - 55. Is g a prime number?
False
Let o = 245 + -209. Suppose o*d - 22*d = 55846. Is d prime?
True
Let y(j) = 278*j**2 - 6*j + 61. Let g be y(6). Suppose -8*l - g = -25001. Is l prime?
True
Is 36 - 18 - 23 - (2 + -793036) prime?
False
Suppose 0 = 4*s - 32, 0 = -2*m + 9*s - 13*s + 1285086. Is m composite?
False
Suppose 4*p = 16, z - 13*p = -14*p + 44541. Is z prime?
True
Suppose -5*m + 3*m = 4*f - 36006, -5*m + 3*f = -90054. Let h = m - 6570. Suppose o = -3*l + 6860, 5*l = 3*o + o + h. Is l a prime number?
True
Let j be (873/(-12))/((-27)/648). Let r = 2585 - j. Is r composite?
False
Suppose -3*o + 8*p - 3*p = -24, -5*p = 15. Let t be o - 3/(3 + 0)*-2. Suppose t*i = i + 2764. Is i prime?
True
Let u(c) = 222*c**2 + 2*c - 4. Let g(a) = 222*a**2 + 2*a - 3. Let o(f) = 7*g(f) - 6*u(f). Let d be ((-126)/(-4))/(-7) - (-45)/18. Is o(d) prime?
True
Suppose -327*l = -101*l + 146*l - 116655108. Is l prime?
True
Let g(f) = -99*f**3 + 4*f**2 - 11*f - 97. Is g(-14) a composite number?
True
Let d be (-7 + 6)/(-2)*406. Suppose -6 = 3*c, -u - 6*c + 2*c + d = 0. Is u a composite number?
False
Let t = 137902 + -74599. Is t prime?
False
Let t be (-1 - (-1 - 1492)) + -1. Suppose -7*b + 3724 = -t. Is b a prime number?
False
Suppose 0 = 3*r - 2*u - 7, -5*u = -4*r + 14 + 7. Let a be r/(4/64)*-1. Is 11 - a - (2 - 3980) a prime number?
False
Let l = -119 - -211. Let n = l + 401. Suppose -3*w + 117 = q - w, 0 = -4*q - 3*w + n. Is q composite?
False
Let t = 158 - 154. Suppose 33844 = t*d - 2*k, -27025 - 15280 = -5*d - k. Is d a prime number?
True
Is (-727 + 3)/(80/(-5380)) prime?
False
Is 99264 - ((-1)/(-3) + 12/18) prime?
False
Suppose 24*m - 7376 = 37624. Let f = -656 + m. Is f a prime number?
False
Is 56860/2 + 4/(-12)*3 a composite number?
False
Let c(m) = 25*m**3 + 6*m**2 - 3*m - 16. Let u be c(-5). Is (-4)/18*(u - 3) a composite number?
True
Suppose -g + 1060 = -520. Let j = -897 + g. Let p = 1220 - j. Is p a prime number?
False
Let z = -165 - -192. Suppose -16*t + z*t = 49577. Is t prime?
True
Suppose b - 3*b + 8 = 0. Suppose m - 3*j = -b, 5*m + j + j + 3 = 0. Let d(z) = 484*z**2 - 2*z - 1. Is d(m) a prime number?
False
Suppose 0 = -a - 2*s + 2379927, -49*a - s + 2379932 = -48*a. Is a a composite number?
True
Let a(y) = -51*y + 173. Let u be a(-14). Suppose -4*s + q + u = 0, -q + 0 + 5 = 0. Is s prime?
True
Let c = 883 + -327. Let f(v) = 2467*v - 2 - c*v - 3. Is f(2) a composite number?
True
Is -5 + 1 - (-9)/(27/272103) composite?
False
Let n = 902982 - 545615. Is n a composite number?
True
Suppose -b - 5*q + 8 = -22, -4*b + 2*q = -10. Suppose -b*t + 2760 = 2*i + 334, 0 = 2*t. Is i prime?
True
Let h(k) = -975*k - 40. Let v be h(-34). Suppose -4*a - 2*s + 34045 = -32207, 2*a - v = -5*s. Is a composite?
True
Let n(j) = -j**3 - 4*j**2 + 80*j - 30. Is n(-31) a prime number?
False
Let r = 197 - 227. Is 1393/2 + (-15)/r a composite number?
True
Let a(p) be the first derivative of 16 - 2*p**3 + 35/4*p**4 - 5*p + 7*p**2. Is a(4) a prime number?
False
Is (-1268848)/(-42) - 10/(-30) composite?
False
Suppose -54*s + 903980 = -1258827 - 3746899. Is s a prime number?
False
Let p(k) = 136*k + 859. Is p(13) prime?
False
Suppose 0 = c + 2*c + 75. Let z(v) = -37*v - 106. Let o(i) = -259*i - 821. Let r(x) = -4*o(x) + 30*z(x). Is r(c) prime?
False
Suppose -11023*m + 11034*m = 2414489. Is m a prime number?
False
Suppose 71*o = 70*o + 24. Let g be (o - -51)*(-4)/3. Let u = 1801 - g. Is u a composite number?
False
Let y(j) = j**3 + 11*j**2 + 3*j + 38. Let x be y(-11). Let l be (-2 - -1) + 1 + 2760. Suppose 7*f - 3*f = -x*o + l, o + 2051 = 3*f. Is f composite?
True
Let p be 411 + -1 - (14 + -13). Let h = 93 - p. Let g = h - -1565. Is g prime?
True
Let y = 159678 + 113555. Is y composite?
False
Suppose -3*z + 4*f = 2964, -6*f + 11*f = z + 988. Let x be (-534)/(-4)*(-38)/3. Let m = z - x. Is m composite?
True
Let p = -81 + 217. Let c = p + -85. Let k = 2 + c. Is k prime?
True
Let f(i) = i**3 - 4*i**2 + 4*i - 3. Suppose -10*j - 12 = -32. Let n be f(j). Let p(s) = -14*s + 11. Is p(n) composite?
False
Is ((-29)/(-58))/((-7)/(-4769926)) a prime number?
True
Suppose -b + 17457 = 5*o, 4*b + 8744 = 3*o - 1721. Is o a prime number?
True
Let b be (-15)/(-4) + (0 - (-5)/20). Suppose -3*f + 2*h = -f - 4116, -b*f - 2*h = -8202. Is f a prime number?
True
Let i(h) = 10933*h - 159. Is i(4) composite?
False
Let d(o) = 54*o**2 - 28*o + 116. Let j be d(7). Let m = j + 811. Is m a prime number?
False
Let c(w) = -814*w - 2379. Is c(-76) a composite number?
True
Let n(d) = 101*d + 211039. Is n(0) a prime number?
True
Let p be -2 + -2 + 14927 + 6. Let h = -8684 + p. Is h a composite number?
True
Let f(l) = -452*l**3 - 5. Let x be f(-2). Let w = x - 2494. Is w a composite number?
False
Let k(i) = -10006*i**3 - 3*i**2 - i + 1. Let z be k(-1). Is z + -6*8/(-24) composite?
False
Suppose -7*l + 3*l + 2892 = 0. Let c = 1222 - l. Is c prime?
True
Let k(d) = 7408*d - 333. Is k(7) a prime number?
False
Suppose -30*r + 750603 + 135319 + 3166568 = 0. Is r prime?
False
Suppose 4*q = 345380 - 5844. Suppose 151 = 15*i - q. Is i a prime number?
True
Suppose -20032 = -17*l + 15*l. Is l - 10 - (-3 + 2) a composite number?
False
Suppose 2*a + 0*a = -3*c + 4121, c = 3*a + 1359. Suppose 0 = 13*j - 10*j - c. Is j a composite number?
False
Let w(d) = -222*d**3 - 3*d**2 - 6*d - 2. Let c be -2*3/(-4)*(-76)/57. Let g be w(c). Suppose -u = u - g. Is u a composite number?
False
Let l = -148 - -58. Let v be -4*(-3)/9*l. Is (179/(-5))/(v/(-25) - 5) a prime number?
True
Suppose -13*j = -9*j - 6964. Let k = -1002 + j. Is k prime?
True
Suppose 3*z + 5*q - 1421149 = -415748, 3*z = -3*q + 1005405. Is z prime?
False
Suppose -24*w + 18*w + 1314 = 0. Let l = 1618 - w. Is l a prime number?
True
Suppose -152863 = -5*k + 153522. Let g = k - 25738. Is g a prime number?
False
Suppose 0 = -5*b + w + 1367209, -1093754 = 8*b - 12*b + 3*w. Is b a prime number?
False
Let c(i) be the third derivative of i**4/24 + i**3/6 + 12*i**2. Let o be c(-1). Suppose o = -4*x - h - 4*h + 11789, -5*x + h = -14758. Is x a prime number?
False
Let h(f) = 95*f - 100*f - 45*f. Let c be h(-13). Suppose -2*x + 3*x + 505 = 4*l, -c = -5*l - 5*x. Is l prime?
True
Suppose 3*x + 5*a = 